 be (-55)/(-15) + 80/24. What is the highest common divisor of g and d?
7
Let u be (-16)/136 + (-376)/(-17). Calculate the highest common factor of 2 and u.
2
Let r = 73 + -60. Suppose 0 - r = -i - 3*n, 2*i - 3*n + 1 = 0. Let m = 11 + -7. What is the highest common divisor of m and i?
4
Let x be (3/9)/(14/504). Suppose -134 - 142 = -x*c. Calculate the highest common divisor of 69 and c.
23
Let v(z) = -7*z**3 - 3*z**2 + 2*z + 6. Let g be v(-3). Suppose -5*x = -o + 6*o - 430, 0 = -2*x + 3*o + g. Calculate the highest common factor of x and 12.
12
Let n be ((-1068)/(-24))/(((-3)/2)/(-3)). Let p = n - 82. What is the highest common divisor of 77 and p?
7
Let o be (5 - 3 - (-3 - 58)) + 3. Suppose 228 = 6*p - o. What is the greatest common factor of 7 and p?
7
Suppose -4*n = -w - 4, 5*w = n - 0 - 1. Let a be (w - 1)/(6/18). Let l(k) = 2*k**2 + 2*k - 4. Let z be l(a). What is the greatest common factor of z and 2?
2
Suppose q - 41 - 3 = 0. Suppose q = -4*a + 8*a. Calculate the highest common divisor of a and 1.
1
Suppose -v - 6 - 7 = 0. Let k = 1 - v. What is the highest common divisor of k and 21?
7
Let q(z) = -z + 23. Let y be q(3). Let t be (-14 - 1)*80/(-12). Calculate the greatest common divisor of y and t.
20
Let q(p) = 20*p + 4. Let r be q(3). Let n(f) = f**3 + 5*f**2 + 8*f - 2. Let z be n(-3). Let j = r + z. Calculate the highest common factor of j and 7.
7
Suppose -27*a + 354 = -25*a. What is the highest common factor of a and 3?
3
Suppose 0 = 4*i + 3*p - 47 + 4, i - 25 = 4*p. What is the greatest common divisor of i and 104?
13
Suppose -y + 2 = -0*y. Suppose -y*k - 2*u + 5*u + 31 = 0, -u = 4*k - 83. Suppose 0 = -5*f + 7*f - 120. Calculate the highest common factor of f and k.
20
Let f be (-48)/(-8) - 2*2. Calculate the highest common factor of 7 and f.
1
Suppose 39 = -5*i - 6. Let y = i + 13. Suppose -9 = y*f - 5*s, 3*f - 3*s = -2*f + 5. Calculate the highest common factor of 1 and f.
1
Let d be (13/3)/((-5)/(-15)). Let f = 355 + -212. What is the highest common factor of d and f?
13
Let p(k) = -2*k**2 - 8*k - 3. Let h be p(-3). Suppose 0 = -h*m + 12, 3*i + 2*i - 88 = -2*m. Calculate the highest common divisor of 2 and i.
2
Let l(y) = 104*y - 1. Let f be l(2). Suppose -5*r = -o + 20, -o - 2*r = -3*o + 16. Suppose 0 = -o*q + 148 - 33. Calculate the highest common factor of q and f.
23
Suppose -2*j = 3*h - 6*j - 21, 5*j + 30 = 5*h. Suppose -o = -h*o - 4*c - 6, 0 = 3*o + 3*c - 3. Calculate the highest common factor of 45 and o.
5
Suppose 3*i - 4*w - 5 = 51, -i + w + 19 = 0. Let y be 283/((6 - 3) + -2). Suppose r + 63 = y. What is the greatest common divisor of i and r?
20
Let u = -2038 - -2041. Calculate the highest common factor of u and 129.
3
Let k be (-72)/5 + 6/15. Let f be k/49 + (-534)/(-7). Suppose 10*g = 6*g + f. What is the greatest common divisor of 57 and g?
19
Let f = -48 - -56. Let x be (-195)/(-6) - (-5)/(-10). What is the greatest common factor of x and f?
8
Let k be ((-13)/(-4))/((-1)/20). Let o = -33 - k. Suppose 2*w - 16 = -w - 4*y, -2*y = -2*w + 20. What is the greatest common divisor of w and o?
8
Let b = 1000 + -960. What is the greatest common divisor of 150 and b?
10
Suppose -410 = 60*o - 62*o. Let q = -109 + o. Calculate the greatest common factor of q and 24.
24
Suppose -606 = 30*t - 2826. Calculate the highest common factor of 259 and t.
37
Let q = 42 + 49. What is the greatest common divisor of q and 273?
91
Let n(j) = j**3 + 5*j**2 + 3*j - 3. Let r be n(-3). Let a be 5 + 1/(2/r). Let o be 4/(-6)*(2 + -8). What is the greatest common divisor of a and o?
4
Let g = 5 + -3. Let k be 42/4*((-8)/12 - -4). Suppose g*b - k = -3. What is the highest common factor of b and 32?
16
Let r be 2/(-12)*3*-8. Let p be 6/r*28/42. Let t be p - (4 - (74 + -1)). What is the greatest common factor of 14 and t?
14
Suppose -64*n = -60*n - 2188. Suppose -5*h + 388 + n = 0. What is the highest common factor of h and 17?
17
Suppose -j - 2*j = -216. Suppose 3 = 3*p - j. Suppose -179 = -2*h - p. What is the greatest common divisor of 11 and h?
11
Let v be (297/(-44))/((-2)/((-352)/(-6))). Let d = 297 - v. What is the highest common factor of d and 22?
11
Let k be (-895)/13 - (-24)/(-156). Let b = k - -965. Let x be (-18)/(-81) + b/18. Calculate the highest common divisor of 20 and x.
10
Let t be 2/(-6) - 25299/(-81). Calculate the highest common divisor of t and 39.
39
Suppose -j = -0*j - 4. Suppose -16 + 1 = -5*y. Suppose -4*s = 3*f - 71, -3*s + y*f = 2*f - 63. What is the highest common factor of j and s?
4
Let l be 6/(-4)*(-340)/45*6. What is the greatest common factor of 374 and l?
34
Let k be 52/14 + 8/28. Let n = -8 - -13. Suppose 4*w - 3*w = 2*v + n, -k*w + 44 = -2*v. What is the highest common divisor of 65 and w?
13
Suppose -5*n + l + 3*l = -3, 0 = -3*n + 2*l + 3. Suppose -272 = -n*u - 32. Calculate the highest common factor of u and 10.
10
Let k = -2742 + 2829. What is the highest common factor of 27 and k?
3
Suppose 53 + 142 = 3*t. Let v be 9/18 - t/2. Let q = v + 59. What is the highest common divisor of 3 and q?
3
Suppose 3*a = 7 + 23. Suppose -5*h - a = 0, 0*y + 4*y - 5*h + 74 = 0. Let p be y/(-3)*(20 - -2). Calculate the greatest common divisor of p and 14.
14
Suppose 2 + 3 = -5*m. Let z be (-7)/(m/(-15)*-3). Let j be 14/2*(3 - 2). Calculate the greatest common factor of j and z.
7
Suppose -34*v + 5431 - 535 = 0. Calculate the highest common factor of 90 and v.
18
Let b = 176 + -149. Let y = -8 + 89. Calculate the greatest common factor of y and b.
27
Let c(u) = 25*u + 5. Suppose 0 = -2*h + 2*d + 32, 5*d + 42 = 4*h - 24. Let n be (-9 - -6) + h/2. Let z be c(n). What is the greatest common divisor of z and 15?
15
Let g(v) = -v**3 + 8*v**2 - 3*v + 3. Let j be g(6). Let w(u) = 3*u - 1. Let r be w(13). Calculate the highest common factor of r and j.
19
Let k = -44 - -33. Suppose z - 21 = -5. Let p = k + z. What is the greatest common factor of 20 and p?
5
Let c be ((-10)/(-4) + 1)*4*-5. Suppose -f - 4*t = t - 12, -3*f + 4*t = 21. Let q be (c/(-25))/(f/(-30)). What is the greatest common divisor of 14 and q?
14
Suppose -4*m + 83 = 15. Let t(b) = 7 - 26*b - 23*b + m*b. Let j be t(-4). What is the highest common divisor of 15 and j?
15
Let z be -4 + (-3 - -2) + -1. Let h be 12/(-8)*20/z. Let m be (-1)/h - 3048/(-15). What is the highest common divisor of 29 and m?
29
Suppose -c = -2*x - 176, -7*x - 372 = -3*x + 3*c. Let u = x - -286. What is the greatest common divisor of u and 28?
28
Let n = -1114 + 1116. What is the greatest common factor of 1 and n?
1
Let q(j) = j**2 - 6*j - 45. Let d be q(18). Calculate the highest common factor of d and 456.
57
Let k(i) = 75*i**2 - 5*i - 17. Let v be k(-5). What is the highest common divisor of 7 and v?
7
Let t(d) = 52*d - 23. Suppose 3*b - 14 = b - 2*k, -3*k + 15 = b. Let l be t(b). Calculate the highest common factor of 19 and l.
19
Let q = 15 + -14. Let n(m) = -m + 1. Let r be n(1). Let c be r + (q + 4 - 3). What is the highest common factor of c and 10?
2
Suppose -4*a = -5*u - 12, -u + 2*a = 8 - 2. Suppose -5*n - 27 + 7 = -5*k, -n - 3 = u. Calculate the highest common factor of k and 8.
1
Suppose -3*t = 5*o - 238, 3*t + 4*o - 207 = 29. Calculate the highest common factor of 209 and t.
19
Let f be (-15)/((42/4)/7). Let b be 2 + (-5)/(f/(-4)). Suppose 4*p - 54 = -2*x - b*x, 0 = -p - 3*x + 26. Calculate the greatest common factor of 44 and p.
11
Let i be (-1)/((-2)/8*2). Let c be 2/(-4) - 819/(-18). Suppose i*l = l + c. What is the highest common divisor of l and 5?
5
Let q be 25/(-10)*464/(-20). What is the greatest common divisor of 87 and q?
29
Let k be (4 + (-10)/5)*1. Suppose 0 = 2*n + 2*v - 4*v - 6, -k*n + 5*v - 3 = 0. What is the greatest common divisor of 6 and n?
6
Let l(s) = 10*s**2 + 18*s - 50. Let r be l(5). What is the greatest common factor of 754 and r?
58
Suppose -5*y + 47 = 4*j, -3*y + 3*j + 18 = 2*j. Suppose r - y*r = -270. Calculate the greatest common factor of 18 and r.
9
Let l = -55 - -94. Calculate the greatest common divisor of 897 and l.
39
Suppose l = -2*a - 1, -4*a + 2*l - 10 = -4. Let j be 16*a*(-4)/8. What is the highest common factor of 88 and j?
8
Suppose -p + 15 = 19. Let x = 21 - p. Suppose -x = 3*c + 2*c, 130 = 4*h - 2*c. Calculate the greatest common factor